{"id":135,"date":"2019-09-10T13:59:28","date_gmt":"2019-09-10T11:59:28","guid":{"rendered":"http:\/\/madamador.fr\/?page_id=135"},"modified":"2025-06-17T12:59:14","modified_gmt":"2025-06-17T10:59:14","slug":"infos-reservations","status":"publish","type":"page","link":"https:\/\/madamador.fr\/index.php\/infos-reservations\/","title":{"rendered":"R\u00c9SERVATIONS"},"content":{"rendered":"\n<p><strong>Chers clients,<br>nous vous remercions de respecter l&#8217;horaire de r\u00e9servation.<\/strong><\/p>\n\n\n\n<p><strong><br>Pass\u00e9 20 min de retard votre table ne sera plus garantie.<\/strong><\/p>\n\n\n\n<p><strong><br>Si le restaurant est complet en ligne, n&#8217;h\u00e9sitez pas \u00e0 nous appeler.<\/strong><\/p>\n\n\n\n<p><strong><br>Pour les r\u00e9servations de plus de 8 personnes n&#8217;h\u00e9sitez pas \u00e0 nous contacter pour l&#8217;\u00e9laboration d&#8217;un menu ou d&#8217;un plat singulier. <\/strong><\/p>\n\n\n\n<p><strong><br>\u00c0 tr\u00e8s vite chez MadamAdor<\/strong> !<\/p>\n\n\n\n<p><strong>mail : contact@madamador.fr<\/strong><\/p>\n\n\n\n<p class=\"has-text-align-left\"><strong>T\u00e9l :&nbsp;01 42 03 23 14<\/strong><br><\/p>\n\n\n\n<div align=\"center\"><iframe src=\"https:\/\/module.lafourchette.com\/fr_FR\/module\/542093-f11a4\" style=\"width: 100%; min-height:800px; border:none; scrolling:yes;\"><\/iframe><\/div>\n\n\n","protected":false},"excerpt":{"rendered":"<p>Chers clients,nous vous remercions de respecter l&#8217;horaire de r\u00e9servation. Pass\u00e9 20 min de retard votre table ne sera plus garantie. Si le restaurant est complet en ligne, n&#8217;h\u00e9sitez pas \u00e0&hellip;<\/p>\n","protected":false},"author":1,"featured_media":254,"parent":0,"menu_order":0,"comment_status":"closed","ping_status":"closed","template":"","meta":[],"_links":{"self":[{"href":"https:\/\/madamador.fr\/index.php\/wp-json\/wp\/v2\/pages\/135"}],"collection":[{"href":"https:\/\/madamador.fr\/index.php\/wp-json\/wp\/v2\/pages"}],"about":[{"href":"https:\/\/madamador.fr\/index.php\/wp-json\/wp\/v2\/types\/page"}],"author":[{"embeddable":true,"href":"https:\/\/madamador.fr\/index.php\/wp-json\/wp\/v2\/users\/1"}],"replies":[{"embeddable":true,"href":"https:\/\/madamador.fr\/index.php\/wp-json\/wp\/v2\/comments?post=135"}],"version-history":[{"count":13,"href":"https:\/\/madamador.fr\/index.php\/wp-json\/wp\/v2\/pages\/135\/revisions"}],"predecessor-version":[{"id":576,"href":"https:\/\/madamador.fr\/index.php\/wp-json\/wp\/v2\/pages\/135\/revisions\/576"}],"wp:featuredmedia":[{"embeddable":true,"href":"https:\/\/madamador.fr\/index.php\/wp-json\/wp\/v2\/media\/254"}],"wp:attachment":[{"href":"https:\/\/madamador.fr\/index.php\/wp-json\/wp\/v2\/media?parent=135"}],"curies":[{"name":"wp","href":"https:\/\/api.w.org\/{rel}","templated":true}]}}