{"id":420,"date":"2022-12-13T13:35:07","date_gmt":"2022-12-13T12:35:07","guid":{"rendered":"http:\/\/madamador.fr\/?page_id=420"},"modified":"2022-12-13T14:42:25","modified_gmt":"2022-12-13T13:42:25","slug":"recrutement","status":"publish","type":"page","link":"https:\/\/madamador.fr\/index.php\/recrutement\/","title":{"rendered":"RECRUTEMENT"},"content":{"rendered":"\n<p class=\"has-text-align-center\"><strong>                        Vous souhaitez faire partie de notre \u00e9quipe et vivre l&#8217;aventure MADAMADOR ! <\/strong><\/p>\n\n\n\n<p><\/p>\n\n\n\n<p class=\"has-text-align-center\"> N&#8217;h\u00e9sitez pas \u00e0 nous \u00e9crire&#8230; <\/p>\n\n\n\n<p class=\"has-text-align-center\"><strong> Nous rejoindre&nbsp;!<\/strong><\/p>\n\n\n\n<p><\/p>\n\n\n\n<h3 class=\"has-text-align-center\">D\u00c9POSEZ VOTRE CANDIDATURE en nous \u00e9crivant ici :<\/h3>\n\n\n\n<p><\/p>\n\n\n\n<p class=\"has-text-align-center\"><strong>mail : contact@madamador.fr<\/strong><\/p>\n\n\n\n<p class=\"has-text-align-center\"><strong>ou en nous appelant  au 01 42 03 23 14<\/strong><\/p>\n\n\n\n<h5><\/h5>\n\n\n\n<p><\/p>\n\n\n\n<figure class=\"wp-block-image\" data-imagelightbox=\"g\"><img decoding=\"async\" loading=\"lazy\" width=\"1440\" height=\"2160\" src=\"http:\/\/madamador.fr\/wp-content\/uploads\/2022\/12\/IMG_5926-1440x2160.jpg\" alt=\"\" class=\"wp-image-428\" srcset=\"https:\/\/madamador.fr\/wp-content\/uploads\/2022\/12\/IMG_5926-1440x2160.jpg 1440w, https:\/\/madamador.fr\/wp-content\/uploads\/2022\/12\/IMG_5926-300x450.jpg 300w, https:\/\/madamador.fr\/wp-content\/uploads\/2022\/12\/IMG_5926-800x1200.jpg 800w\" sizes=\"(max-width: 1440px) 100vw, 1440px\" \/><\/figure>\n","protected":false},"excerpt":{"rendered":"<p>Vous souhaitez faire partie de notre \u00e9quipe et vivre l&#8217;aventure MADAMADOR ! N&#8217;h\u00e9sitez pas \u00e0 nous \u00e9crire&#8230; Nous rejoindre&nbsp;! D\u00c9POSEZ VOTRE CANDIDATURE en nous \u00e9crivant ici : mail : contact@madamador.fr&hellip;<\/p>\n","protected":false},"author":1,"featured_media":426,"parent":0,"menu_order":0,"comment_status":"closed","ping_status":"closed","template":"","meta":[],"_links":{"self":[{"href":"https:\/\/madamador.fr\/index.php\/wp-json\/wp\/v2\/pages\/420"}],"collection":[{"href":"https:\/\/madamador.fr\/index.php\/wp-json\/wp\/v2\/pages"}],"about":[{"href":"https:\/\/madamador.fr\/index.php\/wp-json\/wp\/v2\/types\/page"}],"author":[{"embeddable":true,"href":"https:\/\/madamador.fr\/index.php\/wp-json\/wp\/v2\/users\/1"}],"replies":[{"embeddable":true,"href":"https:\/\/madamador.fr\/index.php\/wp-json\/wp\/v2\/comments?post=420"}],"version-history":[{"count":6,"href":"https:\/\/madamador.fr\/index.php\/wp-json\/wp\/v2\/pages\/420\/revisions"}],"predecessor-version":[{"id":435,"href":"https:\/\/madamador.fr\/index.php\/wp-json\/wp\/v2\/pages\/420\/revisions\/435"}],"wp:featuredmedia":[{"embeddable":true,"href":"https:\/\/madamador.fr\/index.php\/wp-json\/wp\/v2\/media\/426"}],"wp:attachment":[{"href":"https:\/\/madamador.fr\/index.php\/wp-json\/wp\/v2\/media?parent=420"}],"curies":[{"name":"wp","href":"https:\/\/api.w.org\/{rel}","templated":true}]}}